igit of 217668279?
2
What is the units digit of 836939?
9
What is the hundred millions digit of 342209212?
3
What is the millions digit of 208310919?
8
What is the hundreds digit of 9627699560?
5
What is the millions digit of 44390515?
4
What is the ten thousands digit of 75421784?
2
What is the hundreds digit of 72617892?
8
What is the hundred thousands digit of 675879352?
8
What is the thousands digit of 1436959697?
9
What is the hundreds digit of 106239391?
3
What is the units digit of 14580590?
0
What is the billions digit of 1394728593?
1
What is the hundred millions digit of 3364820329?
3
What is the hundred thousands digit of 77979784?
9
What is the millions digit of 1053227648?
3
What is the tens digit of 1108512726?
2
What is the ten thousands digit of 3691123458?
2
What is the millions digit of 450657182?
0
What is the hundred thousands digit of 1192711103?
7
What is the millions digit of 49257128?
9
What is the thousands digit of 126951165?
1
What is the hundred millions digit of 3743659013?
7
What is the ten millions digit of 504468769?
0
What is the tens digit of 5646762555?
5
What is the hundred thousands digit of 1881879569?
8
What is the hundreds digit of 78628214?
2
What is the hundred thousands digit of 1659989676?
9
What is the hundreds digit of 110845990?
9
What is the units digit of 682282277?
7
What is the units digit of 321216954?
4
What is the hundreds digit of 49980506?
5
What is the hundreds digit of 65976321?
3
What is the hundreds digit of 354054216?
2
What is the units digit of 3489064649?
9
What is the ten millions digit of 176077072?
7
What is the tens digit of 158036456?
5
What is the tens digit of 53056071?
7
What is the thousands digit of 444665911?
5
What is the hundreds digit of 15631283?
2
What is the millions digit of 686336624?
6
What is the ten millions digit of 87942256?
8
What is the hundred thousands digit of 588908425?
9
What is the ten thousands digit of 95885962?
8
What is the thousands digit of 961866738?
6
What is the ten thousands digit of 89997151?
9
What is the hundred thousands digit of 73098043?
0
What is the hundreds digit of 72126870?
8
What is the thousands digit of 95843498?
3
What is the millions digit of 7409973?
7
What is the hundreds digit of 55491073?
0
What is the units digit of 567377001?
1
What is the hundred millions digit of 2533358995?
5
What is the hundred thousands digit of 3106598781?
5
What is the ten thousands digit of 97027134?
2
What is the units digit of 159765632?
2
What is the millions digit of 70296527?
0
What is the hundred thousands digit of 158359508?
3
What is the units digit of 95754780?
0
What is the billions digit of 1247853439?
1
What is the thousands digit of 462819727?
9
What is the millions digit of 610335543?
0
What is the millions digit of 1677018449?
7
What is the hundred thousands digit of 8156455674?
4
What is the units digit of 19326598?
8
What is the thousands digit of 2778163017?
3
What is the units digit of 38642685?
5
What is the ten millions digit of 60291158?
6
What is the ten millions digit of 21152318?
2
What is the millions digit of 356775232?
6
What is the hundred thousands digit of 67238659?
2
What is the ten thousands digit of 147630100?
3
What is the billions digit of 1270833349?
1
What is the thousands digit of 66570408?
0
What is the thousands digit of 196926964?
6
What is the ten thousands digit of 288237724?
3
What is the millions digit of 29294536?
9
What is the tens digit of 723901066?
6
What is the hundred millions digit of 1922536496?
9
What is the hundreds digit of 4816092765?
7
What is the millions digit of 6963989?
6
What is the ten millions digit of 593490268?
9
What is the hundred millions digit of 1726944235?
7
What is the thousands digit of 67986286?
6
What is the hundred thousands digit of 54926860?
9
What is the ten thousands digit of 377071510?
7
What is the tens digit of 92373861?
6
What is the hundred thousands digit of 158190201?
1
What is the millions digit of 203679291?
3
What is the hundred millions digit of 132585027?
1
What is the tens digit of 69826861?
6
What is the hundred thousands digit of 675612526?
6
What is the thousands digit of 586054145?
4
What is the units digit of 32036844?
4
What is the hundred thousands digit of 137150949?
1
What is the units digit of 40138360?
0
What is the units digit of 112230563?
3
What is the units digit of 319765548?
8
What is the ten millions digit of 2779992944?
7
What is the millions digit of 41824556?
1
What is the units digit of 24894464?
4
What is the hundreds digit of 492265?
2
What is the units digit of 18151452?
2
What is the ten thousands digit of 25496024?
9
What is the ten thousands digit of 30951511?
5
What is the millions digit of 1913691649?
3
What is the hundreds digit of 105005061?
0
What is the thousands digit of 662254328?
4
What is the hundreds digit of 960553926?
9
What is the millions digit of 22361286?
2
What is the billions digit of 1625420681?
1
What is the millions digit of 256949009?
6
What is the thousands digit of 81174523?
4
What is the millions digit of 56365636?
6
What is the hundred thousands digit of 80192693?
1
What is the hundred thousands digit of 205825804?
8
What is the ten millions digit of 541002515?
4
What is the hundred thousands digit of 4759315?
7
What is the thousands digit of 5718571617?
1
What is the millions digit of 3763493573?
3
What is the ten millions digit of 78736955?
7
What is the hundred thousands digit of 5195961635?
9
What is the millions digit of 182271867?
2
What is the ten thousands digit of 31531871?
3
What is the hundred thousands digit of 53359956?
3
What is the units digit of 315083456?
6
What is the hundred millions digit of 174320303?
1
What is the tens digit of 150356114?
1
What is the hundred thousands digit of 74390534?
3
What is the ten thousands digit of 2106620654?
2
What is the billions digit of 7372128623?
7
What is the tens digit of 5344677381?
8
What is the tens digit of 33823507?
0
What is the ten millions digit of 876757690?
7
What is the thousands digit of 18309998?
9
What is the hundreds digit of 641261273?
2
What is the ten thousands digit of 72253298?
5
What is the hundreds digit of 13475481?
4
What is the millions digit of 234947829?
4
What is the hundreds digit of 150099127?
1
What is the units digit of 490370425?
5
What is the millions digit of 38420924?
8
What is the hundreds digit of 7594961?
9
What is the units digit of 719516383?
3
What is the hundreds digit of 2795642238?
2
What is the ten millions digit of 1406486760?
0
What is the units digit of 3247001290?
0
What is the hundred thousands digit of 132751425?
7
What is the tens digit of 1339921352?
5
What is the ten millions digit of 27973225?
2
What is the thousands digit of 265562199?
2
What is the units digit of 720701668?
8
What is the billions digit of 5796854694?
5
What is the ten millions digit of 2220848081?
2
What is the ten thousands digit of 4084200?
8
What is the thousands digit of 1352212864?
2
What is the hundred millions digit of 896820905?
8
What is the millions digit of 3657251502?
7
What is the thousands digit of 273143102?
3
What is the units digit of 30418855?
5
What is the millions digit of 106220899?
6
What is the units digit of 29949297?
7
What is the ten millions digit of 1616842689?
1
What is the hundreds digit of 483088610?
6
What is the hundred thousands digit of 5302719872?
7
What is the millions digit of 482533694?
2
What is the hundred thousands digit of 211229345?
2
What is the hundred thousands digit of 3556065742?
0
What is the tens digit of 20902323?
2
What is the billions digit of 1465856620?
1
What is the millions digit of 481851115?
1
What is the hundred thousands digit of 1155429896?
4
What is the units digit of 16413842?
2
What is the hundred thousands digit of 26542498?
5
What is the hundred millions digit of 2119892078?
1
What is the ten millions digit of 7059777605?
5
What is the thousands digit of 56320498?
0
What is the hundred millions digit of 236128394?
2
What is the tens digit of 1231086645?
4
What is the tens digit of 61703575?
7
What is the billions digit of 2286486940?
2
What is the hundred thousands digit of 888812097?
8
What is the hundred thousands digit of 76172800?
1
What 